he highest common factor of 2 and 955082.
2
Calculate the highest common factor of 6321458 and 95381.
3289
Calculate the highest common factor of 3864756 and 1001217.
2919
Calculate the highest common divisor of 1372459 and 319.
11
Calculate the highest common factor of 117828856 and 1450.
58
What is the greatest common factor of 51821956 and 377?
29
What is the highest common factor of 5558891 and 69433?
1417
What is the highest common divisor of 1053 and 615477447?
1053
Calculate the greatest common factor of 66 and 514239.
33
What is the greatest common factor of 10317 and 160728?
543
Calculate the greatest common divisor of 64516840 and 7935.
2645
Calculate the highest common factor of 336 and 112587384.
168
Calculate the highest common divisor of 1461 and 137688536.
487
Calculate the greatest common divisor of 8916 and 705.
3
Calculate the highest common divisor of 27 and 5593065.
3
Calculate the greatest common factor of 87454245 and 3135.
285
What is the highest common factor of 328654 and 2222482?
3254
What is the highest common factor of 143 and 1084200?
13
What is the greatest common factor of 270838 and 12797?
191
What is the greatest common factor of 26081618 and 39968?
2498
Calculate the highest common factor of 2511 and 6468615.
279
Calculate the greatest common factor of 46797 and 9975.
57
What is the highest common divisor of 427280 and 200?
40
Calculate the highest common factor of 78063232 and 1664.
1664
What is the highest common divisor of 1732 and 654479500?
1732
What is the greatest common factor of 2961836 and 284?
284
What is the greatest common divisor of 2054 and 6045793?
13
Calculate the highest common factor of 796831 and 185191.
1699
What is the greatest common divisor of 1326780 and 41340?
780
What is the highest common factor of 4064 and 6595364?
508
What is the greatest common divisor of 41411296 and 160?
32
What is the greatest common factor of 9741578 and 2856?
238
What is the highest common factor of 453 and 10495255?
151
Calculate the highest common divisor of 77518 and 21948668.
11074
What is the highest common factor of 5970 and 4832715?
2985
What is the highest common factor of 3009 and 25715917?
1003
Calculate the greatest common factor of 47960 and 448644.
436
What is the greatest common factor of 26 and 72536776?
26
Calculate the greatest common divisor of 4 and 3079124.
4
What is the highest common divisor of 77043 and 10253876?
421
What is the greatest common factor of 6040 and 44410?
10
What is the greatest common divisor of 16372425 and 8857?
521
Calculate the greatest common factor of 389250 and 30102.
1038
Calculate the highest common factor of 3976 and 1947743.
497
Calculate the greatest common factor of 3618 and 331614222.
402
What is the greatest common factor of 1413 and 74961?
9
Calculate the highest common factor of 5855 and 20483132.
1171
What is the highest common factor of 45568 and 541476?
356
Calculate the highest common factor of 6883648 and 3728.
16
Calculate the greatest common divisor of 145 and 25738660.
145
What is the highest common divisor of 67233 and 923961?
219
Calculate the greatest common factor of 130 and 740830155.
65
Calculate the greatest common divisor of 779264 and 760832.
1024
What is the greatest common factor of 342386 and 1333046?
1738
What is the highest common divisor of 76826323 and 21?
7
Calculate the highest common factor of 519812708 and 4.
4
What is the highest common factor of 329 and 21129179?
47
Calculate the greatest common divisor of 11 and 57899567.
11
What is the highest common factor of 8809 and 7234466?
23
What is the highest common divisor of 121419751 and 2?
1
What is the highest common factor of 166899387 and 30639?
4377
Calculate the highest common factor of 47729 and 12507.
11
Calculate the highest common divisor of 132946 and 38082.
22
What is the highest common factor of 72630285 and 70?
35
What is the highest common factor of 5120 and 32422400?
2560
Calculate the highest common factor of 5207634 and 420.
6
Calculate the highest common divisor of 15474315 and 40.
5
What is the highest common factor of 1362714002 and 29?
29
Calculate the highest common factor of 2894296 and 40.
8
What is the greatest common divisor of 287574 and 3690?
246
Calculate the greatest common divisor of 7134 and 16940814.
174
Calculate the greatest common factor of 106448252 and 14020.
2804
Calculate the greatest common factor of 13976 and 115366639.
1747
Calculate the greatest common divisor of 61930 and 223245.
55
Calculate the greatest common factor of 56743 and 7291.
317
Calculate the highest common divisor of 476171 and 1909.
83
What is the greatest common factor of 507 and 582390393?
507
What is the greatest common divisor of 71969 and 2558999?
911
Calculate the greatest common divisor of 3 and 5868836.
1
What is the greatest common factor of 414544 and 117?
13
Calculate the highest common divisor of 2593305 and 7440.
465
Calculate the greatest common divisor of 38241 and 24612.
21
What is the greatest common divisor of 13253586 and 6?
6
What is the greatest common divisor of 3496459 and 8804?
31
Calculate the greatest common factor of 109 and 7827399.
109
What is the highest common factor of 16837 and 11945777?
149
Calculate the greatest common divisor of 9918 and 10367616.
3306
Calculate the highest common divisor of 11400 and 414280.
40
What is the highest common divisor of 3463883 and 47183?
1627
Calculate the highest common divisor of 85 and 7655644.
17
What is the greatest common divisor of 15988324 and 3036?
44
Calculate the highest common factor of 3017 and 20870744.
431
Calculate the greatest common factor of 192 and 237760.
64
What is the highest common factor of 70 and 22233463?
7
Calculate the highest common divisor of 4290 and 241032.
66
What is the greatest common divisor of 102413 and 9567989?
2179
What is the greatest common divisor of 2104 and 718516?
1052
Calculate the highest common factor of 195 and 58642194.
39
What is the highest common factor of 156378 and 30284?
134
Calculate the highest common divisor of 494 and 1122026.
38
What is the greatest common divisor of 4320 and 20516760?
1080
Calculate the greatest common divisor of 19991928 and 982604.
7388
Calculate the highest common divisor of 1732653 and 8307.
117
What is the highest common divisor of 270038494 and 11?
11
What is the greatest common factor of 1281 and 171507?
21
Calculate the greatest common factor of 1 and 39903055.
1
Calculate the highest common divisor of 602395052 and 2672.
668
What is the greatest common divisor of 764 and 58180?
4
Calculate the highest common factor of 3070680 and 15380.
20
What is the highest common divisor of 46648 and 27496?
56
Calculate the greatest common factor of 225078 and 628867.
233
Calculate the greatest common divisor of 18034326 and 324.
162
Calculate the highest common factor of 703153 and 279554.
1067
Calculate the greatest common divisor of 9 and 35765424.
9
Calculate the highest common factor of 1919 and 521059.
101
Calculate the highest common divisor of 134516478 and 102.
102
Calculate the highest common factor of 1870471 and 3.
1
Calculate the greatest common factor of 31976 and 89432.
56
What is the highest common factor of 169810375 and 7000?
875
What is the greatest common factor of 911 and 35077144?
911
Calculate the highest common factor of 15202 and 138891.
691
What is the highest common factor of 314 and 11509670?
314
Calculate the highest common factor of 280931 and 737.
67
What is the greatest common factor of 2033101 and 1211?
7
What is the greatest common factor of 6838902 and 146160?
126
What is the greatest common factor of 11679326 and 347?
347
What is the highest common factor of 642093380 and 20?
20
Calculate the highest common factor of 20686030 and 8799.
419
What is the highest common divisor of 238211463 and 282?
141
Calculate the greatest common divisor of 396708 and 6299011.
2543
Calculate the highest common factor of 25861836 and 5236.
308
What is the highest common factor of 38179446 and 5740?
82
Calculate the greatest common factor of 15036858 and 11682.
1062
Calculate the greatest common divisor of 1040554 and 2424438.
5282
Calculate the greatest common divisor of 294731032 and 8.
8
What is the grea